. Suppose -v*h + 9*h = 260. Calculate the highest common divisor of 13 and h.
13
Let w be 0 + (-3)/1 - -183. Calculate the greatest common factor of w and 20.
20
Let a(o) = o - 2. Let v be a(2). Suppose -c + 0*c + 5 = v. Calculate the highest common factor of 5 and c.
5
Let a(j) = -j + 11. Let u be a(-13). What is the highest common divisor of 16 and u?
8
Let w be 77*5/4 + 66/(-264). Calculate the greatest common factor of w and 48.
48
Let i(o) = -o**3 + 7*o**2 - o + 9. Let k be i(7). Suppose -4*j = -j - k*z - 37, -3*j + 3*z + 39 = 0. What is the highest common divisor of 11 and j?
11
Let x = -2 - -1. Let t = x + 10. Calculate the greatest common divisor of 18 and t.
9
Let i be 447/15 - 2/(-10). What is the highest common divisor of i and 10?
10
Let g be (-1)/(1 - (-4)/(-3)). Suppose -2*f = -g*r + 60, -r - 2*f + 10 = -10. Calculate the highest common divisor of 50 and r.
10
Let y be (1/((-2)/(-4)))/(90/270). Let n(k) = 6*k - 6. Let r be n(4). Calculate the greatest common factor of y and r.
6
Suppose -290 = -8*s + 214. Calculate the greatest common factor of 9 and s.
9
Suppose -17 = -5*i - 2*w, i - 3*i - 2*w = -8. Let q = -1 + i. Suppose q*x - 10 + 4 = 0. What is the highest common factor of 24 and x?
3
Suppose 17*u - 21*u + 144 = 0. Calculate the highest common factor of 12 and u.
12
Suppose -3*i - i = -84. Suppose 3*w - i = 2*w. Calculate the highest common factor of w and 189.
21
Suppose 6*d - 4*d = 192. What is the greatest common factor of d and 24?
24
Let v = -1 - -2. Let n(q) = -4*q. Let d(g) = -5*g - 1. Let b(j) = -3*d(j) + 4*n(j). Let w be b(-8). Calculate the highest common divisor of w and v.
1
Let l(f) = 27*f - 27*f - 1 + 9*f**2. Let d be l(3). Calculate the greatest common factor of 8 and d.
8
Let j = -35 - -43. Calculate the highest common factor of 20 and j.
4
Let m = -36 + -66. Let g = -3 - m. What is the highest common factor of 11 and g?
11
Let r(k) = k**3 + 7*k**2 - 4*k - 1. Let c be r(-5). Suppose 3*j - 2*s - 74 = 2*s, 3*j - 3*s = c. What is the highest common factor of j and 45?
9
Let r = 118 + -48. What is the greatest common factor of r and 40?
10
Suppose -44 - 136 = -4*v. Let q be (-4)/(-14) - 382/14. Let g = v + q. Calculate the greatest common divisor of g and 126.
18
Let p = -89 - -188. Let a be (-15)/(-2) + (-3)/(-2). Calculate the highest common divisor of a and p.
9
Let k be 4/6 + 8/6. Suppose 3*d - 3*n - 12 = -0*n, -12 = -2*d - k*n. Suppose 61 = d*g - 134. Calculate the greatest common factor of 13 and g.
13
Suppose -r - 2*r = 0. Suppose r = -k + 2*k - 51. Calculate the highest common divisor of 34 and k.
17
Let j(s) = -s**3 + 6. Let w be j(0). Suppose -c - 125 = -w*c. Suppose c - 85 = -3*y. What is the greatest common divisor of y and 4?
4
Suppose 0 = 5*f + j - 9, f + 2*j = -3*f + 12. What is the highest common divisor of 11 and f?
1
Suppose 5*t + x - 19 = -1, -2*x + 9 = t. What is the highest common factor of t and 21?
3
Suppose 3*z - 8*z + 175 = 0. Let w(r) = r. Let o be w(7). What is the greatest common divisor of o and z?
7
Suppose 2*z = 4*o - 574, -2*o - z + 714 = 3*o. Calculate the greatest common divisor of o and 13.
13
Let v be (-30)/(-7) + 28/(-98). Calculate the greatest common factor of v and 2.
2
Let i be (-6)/(-21) + (-108)/(-14). Suppose -5*m + i*m + 4*g = 92, -2*m - 2*g = -62. Suppose m = 4*a - 36. Calculate the greatest common divisor of 34 and a.
17
Suppose -4*u + 80 = m - 7*u, 3*m - 170 = -5*u. What is the greatest common divisor of 13 and m?
13
Let x be 1 + -2 - (-1 - 6). What is the greatest common factor of 12 and x?
6
Let h be 1 - 1 - (-63 + 0). Let d = 4 + -1. Let t be d - (2 + 4)/(-1). What is the highest common divisor of h and t?
9
Let q(w) = -w**2 - 13*w + 2. Let m be q(-12). What is the highest common factor of 56 and m?
14
Let i(v) be the second derivative of v**5/20 - 5*v**4/4 + 5*v**3/2 - 3*v**2/2 + 3*v. Let g be i(14). Calculate the highest common divisor of g and 11.
11
Suppose w - 5*w + 104 = 5*t, 2*t + w - 44 = 0. Suppose -y + 4*d = -26, -5*y + 2*d + 3*d = -55. What is the greatest common factor of t and y?
6
Suppose 8 = -5*u - 72. Let h = u - -24. Let x be -4 - -5 - (0 - 63). What is the highest common divisor of x and h?
8
Suppose 0*k - 2 = 2*k, 3*z + 4*k + 4 = 0. Suppose z*n = 2*n - 6. Suppose -44 = -n*h - h. What is the greatest common factor of h and 55?
11
Let r(g) = -6*g**2 + 7*g - 2 + 1 - 1 - 4 + g**3. Let l be r(5). What is the highest common divisor of 1 and l?
1
Suppose -3 = -z - 0. Suppose -l - z*l + 384 = 0. Let o be (10 - -2) + -2 + 2. What is the highest common factor of o and l?
12
Let u be (-1)/(3*(-4)/(-60)). Let f(c) = -c**3 - 5*c**2 - 2*c - 1. Let i be f(u). Let j = -130 + 229. What is the greatest common factor of j and i?
9
Let c be (-22)/(-8) - 2/(-8). Suppose 0 = 3*o + 6*t - c*t - 54, 3*t = -o + 24. Let w be 3*5/(o/6). Calculate the greatest common factor of 15 and w.
3
Let z be 1/(-1 - (2 + -4)). Suppose -5*u + 9 + 11 = 0. What is the highest common factor of u and z?
1
Suppose 140 = -5*l + 9*l. Calculate the greatest common factor of 280 and l.
35
Suppose -11 = -5*i + 4. Let m be 0*i*(-1)/(-9). Suppose m = 2*o - 27 - 5. Calculate the highest common divisor of 96 and o.
16
Let b(u) = -172*u - 1. Let f(g) = -861*g - 5. Let n(x) = -11*b(x) + 2*f(x). Let i be n(1). Calculate the highest common divisor of i and 19.
19
Suppose k - 4*k = -60. Let f = -25 - -55. What is the highest common factor of k and f?
10
Let i(v) = -v**3 - 2*v**2 - 2*v - 3. Let n be i(-2). Let y be 52/2 - (n - 2). Suppose -18 = -f - 0*f. What is the highest common divisor of y and f?
9
Suppose -6*j - 510 = -9*j. Calculate the greatest common divisor of 34 and j.
34
Let q be (-442)/(-11) - (-2)/(-11). Suppose -4*m + q = -3*m + 4*d, 3*m - 4*d - 56 = 0. What is the highest common factor of m and 8?
8
Suppose -3*s = 4*j - 26, -5*s + 5*j + 6 = -49. What is the highest common factor of 2 and s?
2
Let s = -9 + 57. What is the highest common divisor of 120 and s?
24
Let s = -62 - -71. What is the greatest common divisor of s and 2?
1
Let j(g) = 2*g + 3. Let f be j(4). Suppose 0 = 2*y - 200 - 42. Suppose -4*n + 363 = -y. What is the greatest common factor of f and n?
11
Suppose 319 = 5*o - 3*l, -o + 4*l = -3*o + 138. Calculate the greatest common factor of 26 and o.
13
Suppose 0 = -2*s - 3*s + 1510. Let i = s + -173. Let z = 250 - i. Calculate the greatest common factor of 11 and z.
11
Let b(a) = -a**3 + 2*a**2 + a - 1. Let o be b(2). Let s be ((-54)/(-15))/(o/5). Let j be 6/(-4)*(-8)/6. What is the highest common divisor of j and s?
2
Let i(q) = q**3 + 2*q**2 + q + 2. Let s be i(-3). Let p = s + 16. Let t be ((-4)/(-3))/((-2)/(-3)). Calculate the highest common factor of t and p.
2
Suppose 2*r = -3*i + 19, 4*i + 0*i + 71 = 3*r. Suppose -r = -2*j - 5*m, j + 5*m - 2 - 9 = 0. What is the greatest common divisor of 30 and j?
6
Suppose -4*x = -58 + 282. Let v be 12/(-2)*x/21. Calculate the greatest common divisor of 128 and v.
16
Let a(g) = -g**3 + 3*g**2 - 2. Let s be a(2). Let v = s - 2. Suppose q - 2*j - 16 = -j, -3*q - j + 32 = v. Calculate the greatest common factor of 60 and q.
12
Let p be (5/3)/((-12)/(-612)). What is the greatest common factor of 34 and p?
17
Suppose 5*l - 8*l = -108. Calculate the greatest common divisor of l and 90.
18
Let i be 2/7 + (-468)/(-126). Calculate the greatest common divisor of i and 4.
4
Suppose -j + 4 = 3*j. Suppose -3*p = -3*g - 18, -5*p + g - 6 = 5*g. What is the greatest common factor of p and j?
1
Let l(k) = -k**2 + 3*k**2 - 2 - 3*k + 2*k. Let t be l(3). Suppose a + 2*y + 2*y = 31, 0 = 2*a - 2*y - 82. What is the highest common factor of a and t?
13
Let g = -139 + 160. Let j(a) be the second derivative of a**3/6 - a**2/2 + a. Let r be j(4). Calculate the highest common divisor of r and g.
3
Let b(f) = 3*f**2 - 1. Let h be b(-1). Suppose -h*y = -y + 1. Let i be (y + 2)/(1/25). Calculate the greatest common factor of i and 5.
5
Let u be (4/(-14))/(((-18)/154)/9). Calculate the highest common factor of u and 198.
22
Let g = -4 - -22. What is the greatest common factor of 198 and g?
18
Suppose -m + 3*m = 40. What is the highest common factor of m and 4?
4
Let t = -15 - -8. Let k = 7 - t. What is the highest common factor of 21 and k?
7
Suppose -2*x - x = 1